{"id":8393,"date":"2017-04-25T08:29:24","date_gmt":"2017-04-25T06:29:24","guid":{"rendered":"http:\/\/staging.europaskolan.se\/?page_id=8393"},"modified":"2023-09-26T14:26:56","modified_gmt":"2023-09-26T12:26:56","slug":"information-om-antagningsbesked","status":"publish","type":"page","link":"https:\/\/staging.europaskolan.se\/strangnas\/information-om-antagningsbesked\/","title":{"rendered":"Information om prelimin\u00e4rt antagningsbesked"},"content":{"rendered":"<p>Nedan ser du tv\u00e5 olika bilder p\u00e5 hur det kan se ut p\u00e5 Dexter vid det prelimin\u00e4ra antagningsbeskedet.<\/p>\n<p><strong>Ska du bli orolig n\u00e4r det st\u00e5r att du inte blivit prelimin\u00e4rt antagen eller att du blivit antagen till en annan skola, trots att du har Europaskolan Str\u00e4ngn\u00e4s som val 1?<\/strong><\/p>\n<ul>\n<li>Bli inte orolig. Det \u00e4r normalt att det st\u00e5r s\u00e5 p\u00e5 Dexter.<\/li>\n<\/ul>\n<ul>\n<li>Europaskolan Str\u00e4ngn\u00e4s har egen antagning. Det inneb\u00e4r att vi sj\u00e4lva skickar hem ett besked i brevl\u00e5dan till dig.<\/li>\n<\/ul>\n<ul>\n<li>Det \u00e4r det prelimin\u00e4ra beskedet Europaskolan Str\u00e4ngn\u00e4s skickar hem till dig som g\u00e4ller.<\/li>\n<\/ul>\n<p><strong>\u00a0Obs! Du ska inte svara p\u00e5 det prelimin\u00e4ra beskedet.<\/strong><\/p>\n<p><img fetchpriority=\"high\" decoding=\"async\" class=\"alignnone wp-image-8395\" src=\"http:\/\/staging.europaskolan.se\/strangnas\/wp-content\/uploads\/sites\/2\/2017\/04\/Besked-ESS-1-1.jpg\" alt=\"\" width=\"821\" height=\"677\" \/><\/p>\n<p><img decoding=\"async\" class=\"alignnone size-full wp-image-8396\" src=\"http:\/\/staging.europaskolan.se\/strangnas\/wp-content\/uploads\/sites\/2\/2017\/04\/Besked-ESS-2-1.jpg\" alt=\"\" width=\"820\" height=\"807\" \/><\/p>\n<p>&nbsp;<\/p>\n<p><strong>N\u00e4r ska du h\u00f6ra av dig till Europaskolan Str\u00e4ngn\u00e4s g\u00e4llande det prelimin\u00e4ra beskedet? <\/strong><\/p>\n<ul>\n<li>H\u00f6r av dig om du inte har f\u00e5tt ett prelimin\u00e4rt besked hemskickat i brevl\u00e5dan n\u00e4r datum f\u00f6r antagningsbesked g\u00e5tt ut.<\/li>\n<\/ul>\n<h3>Viktigt!<\/h3>\n<p>Det prelimin\u00e4ra beskedet och det definitiva beskedet kan vara olika beroende p\u00e5 hur ditt och andras slutbetyg ser ut. Har du tappat betygspo\u00e4ng och n\u00e5gon annan har f\u00f6rb\u00e4ttrat sina betyg s\u00e5 kan din plats p\u00e5 programmet ers\u00e4ttas av n\u00e5gon annan. Det definitiva beskedet kommer i slutet av juni.<\/p>\n<hr \/>\n<h3>Har du fr\u00e5gor? V\u00e4lkommen att h\u00f6ra av dig till:<\/h3>\n<p><strong>Nicklas Hellmark<\/strong><br \/>\nStudie- och yrkesv\u00e4gledare<\/p>\n<p><strong>E-post:<\/strong>\u00a0<a href=\"mailto:nicklas.hellmark@europaskolan.se\">nicklas.hellmark@europaskolan.se<\/a><br \/>\n<strong>Telefon:<\/strong>\u00a00152-33 11 05<\/p>\n<p>&nbsp;<\/p>\n","protected":false},"excerpt":{"rendered":"<p>Nedan ser du tv\u00e5 olika bilder p\u00e5 hur det kan se ut p\u00e5 Dexter vid det prelimin\u00e4ra antagningsbeskedet. Ska du bli orolig n\u00e4r det st\u00e5r att du inte blivit prelimin\u00e4rt antagen eller att du blivit antagen till en annan skola, trots att du har Europaskolan Str\u00e4ngn\u00e4s som val 1? Bli inte orolig. Det \u00e4r normalt [&hellip;]<\/p>\n","protected":false},"author":2,"featured_media":0,"parent":0,"menu_order":0,"comment_status":"closed","ping_status":"closed","template":"","meta":{"footnotes":""},"blocksy_meta":[],"rttpg_featured_image_url":null,"rttpg_author":{"display_name":"camilla","author_link":"https:\/\/staging.europaskolan.se\/strangnas\/author\/camilla\/"},"rttpg_comment":0,"rttpg_category":null,"rttpg_excerpt":"Nedan ser du tv\u00e5 olika bilder p\u00e5 hur det kan se ut p\u00e5 Dexter vid det prelimin\u00e4ra antagningsbeskedet. Ska du bli orolig n\u00e4r det st\u00e5r att du inte blivit prelimin\u00e4rt antagen eller att du blivit antagen till en annan skola, trots att du har Europaskolan Str\u00e4ngn\u00e4s som val 1? Bli inte orolig. Det \u00e4r normalt&hellip;","_links":{"self":[{"href":"https:\/\/staging.europaskolan.se\/strangnas\/wp-json\/wp\/v2\/pages\/8393"}],"collection":[{"href":"https:\/\/staging.europaskolan.se\/strangnas\/wp-json\/wp\/v2\/pages"}],"about":[{"href":"https:\/\/staging.europaskolan.se\/strangnas\/wp-json\/wp\/v2\/types\/page"}],"author":[{"embeddable":true,"href":"https:\/\/staging.europaskolan.se\/strangnas\/wp-json\/wp\/v2\/users\/2"}],"replies":[{"embeddable":true,"href":"https:\/\/staging.europaskolan.se\/strangnas\/wp-json\/wp\/v2\/comments?post=8393"}],"version-history":[{"count":10,"href":"https:\/\/staging.europaskolan.se\/strangnas\/wp-json\/wp\/v2\/pages\/8393\/revisions"}],"predecessor-version":[{"id":13970,"href":"https:\/\/staging.europaskolan.se\/strangnas\/wp-json\/wp\/v2\/pages\/8393\/revisions\/13970"}],"wp:attachment":[{"href":"https:\/\/staging.europaskolan.se\/strangnas\/wp-json\/wp\/v2\/media?parent=8393"}],"curies":[{"name":"wp","href":"https:\/\/api.w.org\/{rel}","templated":true}]}}