{"id":577,"date":"2013-03-05T09:54:20","date_gmt":"2013-03-05T08:54:20","guid":{"rendered":"http:\/\/staging.europaskolan.se\/wordpress\/?page_id=577"},"modified":"2024-01-08T10:24:48","modified_gmt":"2024-01-08T09:24:48","slug":"matsedel","status":"publish","type":"page","link":"https:\/\/staging.europaskolan.se\/strangnas\/matsedel\/","title":{"rendered":"Meny Europaskolan Str\u00e4ngn\u00e4s"},"content":{"rendered":"<p><img fetchpriority=\"high\" decoding=\"async\" class=\"alignnone size-full wp-image-5677\" src=\"http:\/\/staging.europaskolan.se\/strangnas\/wp-content\/uploads\/sites\/2\/2014\/11\/matelever-1.jpg\" alt=\"\" width=\"940\" height=\"500\" \/><\/p>\n<h3>Bland annat kommer vi servera dessa r\u00e4tter under vecka 2<\/h3>\n<p><em>(Vi serverar ocks\u00e5 vegetariska alternativ dagligen.)<\/em><\/p>\n<hr \/>\n<p><strong>M\u00e5ndag:<\/strong><br \/>\nPasta med kalkonf\u00e4rss\u00e5s<br \/>\nPasta med vegof\u00e4rss\u00e5s<\/p>\n<p><strong>Tisdag:<\/strong><br \/>\nKorvstroganoff med ris<br \/>\nVeganoff med ris<\/p>\n<p><strong>Onsdag:<\/strong><br \/>\nVegetarisk moussaka<\/p>\n<p><strong>Torsdag:<\/strong><br \/>\nFisk med hummers\u00e5s och dillslungad potatis<br \/>\nZucchini och blomk\u00e5l i paprikas\u00e5s med buljongkokt matvete<\/p>\n<p><strong>Fredag:<\/strong><br \/>\nKycklinggryta med r\u00f6tt vin, timjan och champinjoner, serveras med rostad potatis och bearnaise<br \/>\nQuorngryta med r\u00f6tt vin, timjan och champinjoner, serveras med rostad potatis<\/p>\n<hr \/>\n<p style=\"text-align: left;\"><em>Med reservation f\u00f6r \u00e4ndringar.<\/em><\/p>\n","protected":false},"excerpt":{"rendered":"<p>Bland annat kommer vi servera dessa r\u00e4tter under vecka 2 (Vi serverar ocks\u00e5 vegetariska alternativ dagligen.) M\u00e5ndag: Pasta med kalkonf\u00e4rss\u00e5s Pasta med vegof\u00e4rss\u00e5s Tisdag: Korvstroganoff med ris Veganoff med ris Onsdag: Vegetarisk moussaka Torsdag: Fisk med hummers\u00e5s och dillslungad potatis Zucchini och blomk\u00e5l i paprikas\u00e5s med buljongkokt matvete Fredag: Kycklinggryta med r\u00f6tt vin, timjan och [&hellip;]<\/p>\n","protected":false},"author":2,"featured_media":0,"parent":0,"menu_order":8,"comment_status":"closed","ping_status":"closed","template":"","meta":{"footnotes":""},"blocksy_meta":[],"rttpg_featured_image_url":null,"rttpg_author":{"display_name":"camilla","author_link":"https:\/\/staging.europaskolan.se\/strangnas\/author\/camilla\/"},"rttpg_comment":0,"rttpg_category":null,"rttpg_excerpt":"Bland annat kommer vi servera dessa r\u00e4tter under vecka 2 (Vi serverar ocks\u00e5 vegetariska alternativ dagligen.) M\u00e5ndag: Pasta med kalkonf\u00e4rss\u00e5s Pasta med vegof\u00e4rss\u00e5s Tisdag: Korvstroganoff med ris Veganoff med ris Onsdag: Vegetarisk moussaka Torsdag: Fisk med hummers\u00e5s och dillslungad potatis Zucchini och blomk\u00e5l i paprikas\u00e5s med buljongkokt matvete Fredag: Kycklinggryta med r\u00f6tt vin, timjan och&hellip;","_links":{"self":[{"href":"https:\/\/staging.europaskolan.se\/strangnas\/wp-json\/wp\/v2\/pages\/577"}],"collection":[{"href":"https:\/\/staging.europaskolan.se\/strangnas\/wp-json\/wp\/v2\/pages"}],"about":[{"href":"https:\/\/staging.europaskolan.se\/strangnas\/wp-json\/wp\/v2\/types\/page"}],"author":[{"embeddable":true,"href":"https:\/\/staging.europaskolan.se\/strangnas\/wp-json\/wp\/v2\/users\/2"}],"replies":[{"embeddable":true,"href":"https:\/\/staging.europaskolan.se\/strangnas\/wp-json\/wp\/v2\/comments?post=577"}],"version-history":[{"count":170,"href":"https:\/\/staging.europaskolan.se\/strangnas\/wp-json\/wp\/v2\/pages\/577\/revisions"}],"predecessor-version":[{"id":14797,"href":"https:\/\/staging.europaskolan.se\/strangnas\/wp-json\/wp\/v2\/pages\/577\/revisions\/14797"}],"wp:attachment":[{"href":"https:\/\/staging.europaskolan.se\/strangnas\/wp-json\/wp\/v2\/media?parent=577"}],"curies":[{"name":"wp","href":"https:\/\/api.w.org\/{rel}","templated":true}]}}