{"id":1309,"date":"2013-04-02T09:57:26","date_gmt":"2013-04-02T07:57:26","guid":{"rendered":"http:\/\/staging.europaskolan.se\/wordpress\/?page_id=1309"},"modified":"2018-10-22T10:21:48","modified_gmt":"2018-10-22T08:21:48","slug":"sprakresor","status":"publish","type":"page","link":"https:\/\/staging.europaskolan.se\/strangnas\/europaresor\/sprakresor\/","title":{"rendered":"Spr\u00e5kresor"},"content":{"rendered":"<p><img fetchpriority=\"high\" decoding=\"async\" class=\"alignnone size-full wp-image-1508\" src=\"http:\/\/staging.europaskolan.se\/strangnas\/wp-content\/uploads\/sprakresor.jpg\" alt=\"\" width=\"960\" height=\"300\" \/><\/p>\n<p><em>Pluggar du franska, spanska, tyska eller italienska? F\u00f6r dig som studerar spr\u00e5k anordnar\u00a0vi spr\u00e5kresor, som ett extra erbjudande ut\u00f6ver kurs. D\u00e5 f\u00e5r du m\u00f6jlighet att l\u00e4ra k\u00e4nna l\u00e4nderna lite mer, inom allt fr\u00e5n mat och kultur till konst och historia.<\/em><\/p>\n<p><strong>Under gymnasietiden kan Europaskolan Str\u00e4ngn\u00e4s ordna spr\u00e5kresor<\/strong>\u00a0till Frankrike, Spanien, Tyskland eller Italien. Vilka resor som genomf\u00f6rs varierar fr\u00e5n l\u00e4s\u00e5r till l\u00e4s\u00e5r, bland annat utifr\u00e5n elevernas intresse.<\/p>\n<p><strong>Spr\u00e5kresorna ger utm\u00e4rkta tillf\u00e4llen till inblick i de europeiska l\u00e4nderna, <\/strong>inom allt fr\u00e5n spr\u00e5k och vardagsliv till kultur och historia. D\u00e5 bor vi tillsammans p\u00e5 hotell och g\u00f6r intressanta musei- och studiebes\u00f6k. Naturligtvis utforskar vi ocks\u00e5 l\u00e4ndernas matkultur.<\/p>\n","protected":false},"excerpt":{"rendered":"<p>Som spr\u00e5kstudent, f\u00e5r du i \u00e5rskurs 2 och 3 m\u00f6jlighet att bes\u00f6ka Europaskolan Str\u00e4ngn\u00e4s v\u00e4nskolor.<\/p>\n","protected":false},"author":2,"featured_media":1509,"parent":133,"menu_order":3,"comment_status":"closed","ping_status":"closed","template":"","meta":{"footnotes":""},"blocksy_meta":[],"rttpg_featured_image_url":{"full":["https:\/\/staging.europaskolan.se\/strangnas\/wp-content\/uploads\/sites\/2\/2013\/04\/sprakresor680.jpg",680,213,false],"landscape":["https:\/\/staging.europaskolan.se\/strangnas\/wp-content\/uploads\/sites\/2\/2013\/04\/sprakresor680.jpg",680,213,false],"portraits":["https:\/\/staging.europaskolan.se\/strangnas\/wp-content\/uploads\/sites\/2\/2013\/04\/sprakresor680.jpg",680,213,false],"thumbnail":["https:\/\/staging.europaskolan.se\/strangnas\/wp-content\/uploads\/sites\/2\/2013\/04\/sprakresor680-150x150.jpg",150,150,true],"medium":["https:\/\/staging.europaskolan.se\/strangnas\/wp-content\/uploads\/sites\/2\/2013\/04\/sprakresor680-300x94.jpg",300,94,true],"large":["https:\/\/staging.europaskolan.se\/strangnas\/wp-content\/uploads\/sites\/2\/2013\/04\/sprakresor680.jpg",680,213,false],"1536x1536":["https:\/\/staging.europaskolan.se\/strangnas\/wp-content\/uploads\/sites\/2\/2013\/04\/sprakresor680.jpg",680,213,false],"2048x2048":["https:\/\/staging.europaskolan.se\/strangnas\/wp-content\/uploads\/sites\/2\/2013\/04\/sprakresor680.jpg",680,213,false],"sow-carousel-default":["https:\/\/staging.europaskolan.se\/strangnas\/wp-content\/uploads\/sites\/2\/2013\/04\/sprakresor680.jpg",272,85,false]},"rttpg_author":{"display_name":"camilla","author_link":"https:\/\/staging.europaskolan.se\/strangnas\/author\/camilla\/"},"rttpg_comment":0,"rttpg_category":null,"rttpg_excerpt":"Som spr\u00e5kstudent, f\u00e5r du i \u00e5rskurs 2 och 3 m\u00f6jlighet att bes\u00f6ka Europaskolan Str\u00e4ngn\u00e4s v\u00e4nskolor.","_links":{"self":[{"href":"https:\/\/staging.europaskolan.se\/strangnas\/wp-json\/wp\/v2\/pages\/1309"}],"collection":[{"href":"https:\/\/staging.europaskolan.se\/strangnas\/wp-json\/wp\/v2\/pages"}],"about":[{"href":"https:\/\/staging.europaskolan.se\/strangnas\/wp-json\/wp\/v2\/types\/page"}],"author":[{"embeddable":true,"href":"https:\/\/staging.europaskolan.se\/strangnas\/wp-json\/wp\/v2\/users\/2"}],"replies":[{"embeddable":true,"href":"https:\/\/staging.europaskolan.se\/strangnas\/wp-json\/wp\/v2\/comments?post=1309"}],"version-history":[{"count":1,"href":"https:\/\/staging.europaskolan.se\/strangnas\/wp-json\/wp\/v2\/pages\/1309\/revisions"}],"predecessor-version":[{"id":9780,"href":"https:\/\/staging.europaskolan.se\/strangnas\/wp-json\/wp\/v2\/pages\/1309\/revisions\/9780"}],"up":[{"embeddable":true,"href":"https:\/\/staging.europaskolan.se\/strangnas\/wp-json\/wp\/v2\/pages\/133"}],"wp:featuredmedia":[{"embeddable":true,"href":"https:\/\/staging.europaskolan.se\/strangnas\/wp-json\/wp\/v2\/media\/1509"}],"wp:attachment":[{"href":"https:\/\/staging.europaskolan.se\/strangnas\/wp-json\/wp\/v2\/media?parent=1309"}],"curies":[{"name":"wp","href":"https:\/\/api.w.org\/{rel}","templated":true}]}}