{"id":1307,"date":"2013-04-02T09:54:15","date_gmt":"2013-04-02T07:54:15","guid":{"rendered":"http:\/\/staging.europaskolan.se\/wordpress\/?page_id=1307"},"modified":"2023-09-26T14:25:02","modified_gmt":"2023-09-26T12:25:02","slug":"bildningsresor","status":"publish","type":"page","link":"https:\/\/staging.europaskolan.se\/strangnas\/bildningsresor\/","title":{"rendered":"Bildningsresor"},"content":{"rendered":"<p><a href=\"http:\/\/staging.europaskolan.se\/strangnas\/wordpress\/wp-content\/uploads\/europaresor680jpg.jpg\"><img fetchpriority=\"high\" decoding=\"async\" class=\"size-full wp-image-1483 alignnone\" src=\"http:\/\/staging.europaskolan.se\/strangnas\/wp-content\/uploads\/europaresor680jpg.jpg\" alt=\"europaresor680jpg\" width=\"680\" height=\"213\" \/><\/a><\/p>\n<h3>Bildningsresor i Europa<b><br \/>\n<\/b><\/h3>\n<p><i>Akropolis i Aten, Alexanderplatz i Berlin och Europaparlamentet i Bryssel \u2013 upplev dem p\u00e5 plats!\u00a0Som ett komplement till studierna erbjuder vi bildningsresor i Europa. Tanken \u00e4r att \u00f6ka kunskaperna och f\u00f6rdjupa k\u00e4nslan av att vara en europ\u00e9.<br \/>\n<\/i><b><br \/>\n<\/b>Passa p\u00e5 att se Europa, som vi alla \u00e4r del av, under din utbildning p\u00e5 Europaskolan Str\u00e4ngn\u00e4s.\u00a0Resorna \u00e4r frivilliga och bekostas av eleverna sj\u00e4lva.<br \/>\n<b><br \/>\n<\/b><b>I \u00e5rskurs 1 kan du g\u00f6ra en resa till Grekland<\/b>. H\u00e4r bes\u00f6ker vi den europeiska kulturens vagga, med fokus\u00a0p\u00e5 tre betydelsefulla platser: Akropolis som \u00e4r en symbol f\u00f6r v\u00e4sterl\u00e4ndsk civilisation, Delfi som var religi\u00f6s medelpunkt i det antika Grekland och Agora, torget d\u00e4r folket (demos) gemensamt fattade beslut \u2013 och med det lade grunden f\u00f6r demokratin. Det blir ocks\u00e5 tid f\u00f6r bad, god mat och naturupplevelser.<b><\/b><\/p>\n<p><b>I \u00e5rskurs 2 g\u00e5r resan till Berlin<\/b> \u2013 metropolen som f\u00f6renar historia och framtid. Tyskland \u00e4r EU:s st\u00f6rsta land och \u00e4ven Sveriges fr\u00e4msta handelspartner. V\u00e5rt land har \u00e4ven en stark historisk koppling hit. Under resan p\u00e5minns vi b\u00e5de om Tysklands positiva betydelse och dess m\u00f6rka historia (genom koncentrationsl\u00e4gret Sachsenhausen). Vi njuter ocks\u00e5 av god mat och kultur.<br \/>\n<b><br \/>\nI \u00e5rskurs 3 g\u00e5r resan till Bryssel<\/b> \u2013 staden d\u00e4r man fattar beslut om framtiden bland oss\u00a0europ\u00e9er. H\u00f6jdpunkter \u00e4r bes\u00f6k p\u00e5 Europakommissionen och Europaparlamentet, d\u00e4r vi f\u00e5r tr\u00e4ffa\u00a0lobbyister som p\u00e5verkar EU-besluten. Naturligtvis upplever vi ocks\u00e5 mat- och kulturlivet,\u00a0h\u00e4r i Belgiens huvudstad.<\/p>\n","protected":false},"excerpt":{"rendered":"<p>Akropolis i Aten, Alexanderplatz i Berlin och Europaparlamentet i Bryssel \u2013 upplev dem p\u00e5 plats!<\/p>\n","protected":false},"author":2,"featured_media":1483,"parent":0,"menu_order":1,"comment_status":"closed","ping_status":"closed","template":"","meta":{"footnotes":""},"blocksy_meta":[],"rttpg_featured_image_url":{"full":["https:\/\/staging.europaskolan.se\/strangnas\/wp-content\/uploads\/sites\/2\/2013\/04\/europaresor680jpg.jpg",680,213,false],"landscape":["https:\/\/staging.europaskolan.se\/strangnas\/wp-content\/uploads\/sites\/2\/2013\/04\/europaresor680jpg.jpg",680,213,false],"portraits":["https:\/\/staging.europaskolan.se\/strangnas\/wp-content\/uploads\/sites\/2\/2013\/04\/europaresor680jpg.jpg",680,213,false],"thumbnail":["https:\/\/staging.europaskolan.se\/strangnas\/wp-content\/uploads\/sites\/2\/2013\/04\/europaresor680jpg-150x150.jpg",150,150,true],"medium":["https:\/\/staging.europaskolan.se\/strangnas\/wp-content\/uploads\/sites\/2\/2013\/04\/europaresor680jpg-300x94.jpg",300,94,true],"large":["https:\/\/staging.europaskolan.se\/strangnas\/wp-content\/uploads\/sites\/2\/2013\/04\/europaresor680jpg.jpg",680,213,false],"1536x1536":["https:\/\/staging.europaskolan.se\/strangnas\/wp-content\/uploads\/sites\/2\/2013\/04\/europaresor680jpg.jpg",680,213,false],"2048x2048":["https:\/\/staging.europaskolan.se\/strangnas\/wp-content\/uploads\/sites\/2\/2013\/04\/europaresor680jpg.jpg",680,213,false],"sow-carousel-default":["https:\/\/staging.europaskolan.se\/strangnas\/wp-content\/uploads\/sites\/2\/2013\/04\/europaresor680jpg.jpg",272,85,false]},"rttpg_author":{"display_name":"camilla","author_link":"https:\/\/staging.europaskolan.se\/strangnas\/author\/camilla\/"},"rttpg_comment":0,"rttpg_category":null,"rttpg_excerpt":"Akropolis i Aten, Alexanderplatz i Berlin och Europaparlamentet i Bryssel \u2013 upplev dem p\u00e5 plats!","_links":{"self":[{"href":"https:\/\/staging.europaskolan.se\/strangnas\/wp-json\/wp\/v2\/pages\/1307"}],"collection":[{"href":"https:\/\/staging.europaskolan.se\/strangnas\/wp-json\/wp\/v2\/pages"}],"about":[{"href":"https:\/\/staging.europaskolan.se\/strangnas\/wp-json\/wp\/v2\/types\/page"}],"author":[{"embeddable":true,"href":"https:\/\/staging.europaskolan.se\/strangnas\/wp-json\/wp\/v2\/users\/2"}],"replies":[{"embeddable":true,"href":"https:\/\/staging.europaskolan.se\/strangnas\/wp-json\/wp\/v2\/comments?post=1307"}],"version-history":[{"count":3,"href":"https:\/\/staging.europaskolan.se\/strangnas\/wp-json\/wp\/v2\/pages\/1307\/revisions"}],"predecessor-version":[{"id":13983,"href":"https:\/\/staging.europaskolan.se\/strangnas\/wp-json\/wp\/v2\/pages\/1307\/revisions\/13983"}],"wp:featuredmedia":[{"embeddable":true,"href":"https:\/\/staging.europaskolan.se\/strangnas\/wp-json\/wp\/v2\/media\/1483"}],"wp:attachment":[{"href":"https:\/\/staging.europaskolan.se\/strangnas\/wp-json\/wp\/v2\/media?parent=1307"}],"curies":[{"name":"wp","href":"https:\/\/api.w.org\/{rel}","templated":true}]}}