{"id":10575,"date":"2019-09-10T14:28:47","date_gmt":"2019-09-10T12:28:47","guid":{"rendered":"http:\/\/staging.europaskolan.se\/strangnas\/?page_id=10575"},"modified":"2022-04-06T09:45:01","modified_gmt":"2022-04-06T07:45:01","slug":"fortbildningsprojekt-for-larare","status":"publish","type":"page","link":"https:\/\/staging.europaskolan.se\/strangnas\/fortbildningsprojekt-for-larare\/","title":{"rendered":"Fortbildningsprojekt f\u00f6r l\u00e4rare"},"content":{"rendered":"<p><em>Nu ska bra l\u00e4rare bli \u00e4nnu b\u00e4ttre! Sedan 2018 p\u00e5g\u00e5r ett omfattande fortbildningsprojekt f\u00f6r l\u00e4rare i Str\u00e4ngn\u00e4s: L\u00e4rarfortbildning genom \u00e4mnesm\u00e4ssig samverkan (L\u00c4S). Det \u00e4r ett samarbete mellan Stiftelsen Europaskolan, Str\u00e4ngn\u00e4s kommun och Uppsala universitet. H\u00e4r rapporterar vi fr\u00e5n fortbildningen och bjuder \u00e4ven in till f\u00f6rel\u00e4sningar som ocks\u00e5 \u00e4r \u00f6ppna f\u00f6r allm\u00e4nheten.<\/em><\/p>\n<p><strong>Fortbildningsprojektet syftar till att f\u00f6rst\u00e4rka sambandet mellan skola och samh\u00e4lle, <\/strong>med slutm\u00e5let att \u00e5teruppbygga Str\u00e4ngn\u00e4s som en skolstad, med kvalificerad l\u00e4rarutbildning p\u00e5 h\u00f6gskoleniv\u00e5.<\/p>\n<h2>V\u00e4ssa kompetensen<\/h2>\n<p><strong>Inom projektet f\u00e5r l\u00e4rarna m\u00f6jlighet att ytterligare st\u00e4rka sin kompetens,<\/strong> b\u00e5de \u00e4mnesm\u00e4ssigt och relationsm\u00e4ssigt. Samtidigt blir fortbildningen en plattform f\u00f6r ett intensifierat samarbete mellan stadens kommunala skolor och friskolor.<\/p>\n<h2>Sp\u00e4nnande serie med f\u00f6rel\u00e4sningar<br \/>\n\u2013 \u00f6ppna f\u00f6r allm\u00e4nheten<\/h2>\n<p><strong>M\u00e5nga av landets fr\u00e4msta professorer och f\u00f6rel\u00e4sare medverkar ocks\u00e5 i fortbildningsprojektet. <\/strong>Kom och lyssna till flera av dem i en serie f\u00f6rel\u00e4sningar, som ocks\u00e5 \u00e4r \u00f6ppna f\u00f6r allm\u00e4nheten!<\/p>\n<p><strong>F\u00f6rel\u00e4sningarna tar upp sp\u00e4nnande och aktuella \u00e4mnen,<\/strong> och de h\u00e5lls i Dj\u00e4knehallen som \u00e4r Europaskolan Str\u00e4ngn\u00e4s aula. H\u00e5ll utkik f\u00f6r aktuella program och datum h\u00e4r nedan.<\/p>\n<hr \/>\n","protected":false},"excerpt":{"rendered":"<p>Nu ska bra l\u00e4rare bli \u00e4nnu b\u00e4ttre! Sedan 2018 p\u00e5g\u00e5r ett omfattande fortbildningsprojekt f\u00f6r l\u00e4rare i Str\u00e4ngn\u00e4s: L\u00e4rarfortbildning genom \u00e4mnesm\u00e4ssig samverkan (L\u00c4S). Det \u00e4r ett samarbete mellan Stiftelsen Europaskolan, Str\u00e4ngn\u00e4s kommun och Uppsala universitet. H\u00e4r rapporterar vi fr\u00e5n fortbildningen och bjuder \u00e4ven in till f\u00f6rel\u00e4sningar som ocks\u00e5 \u00e4r \u00f6ppna f\u00f6r allm\u00e4nheten. Fortbildningsprojektet syftar till att [&hellip;]<\/p>\n","protected":false},"author":1,"featured_media":10023,"parent":0,"menu_order":0,"comment_status":"closed","ping_status":"closed","template":"","meta":{"footnotes":""},"blocksy_meta":[],"rttpg_featured_image_url":{"full":["https:\/\/staging.europaskolan.se\/strangnas\/wp-content\/uploads\/sites\/2\/2019\/03\/Fortbildning.jpg",606,350,false],"landscape":["https:\/\/staging.europaskolan.se\/strangnas\/wp-content\/uploads\/sites\/2\/2019\/03\/Fortbildning.jpg",606,350,false],"portraits":["https:\/\/staging.europaskolan.se\/strangnas\/wp-content\/uploads\/sites\/2\/2019\/03\/Fortbildning.jpg",606,350,false],"thumbnail":["https:\/\/staging.europaskolan.se\/strangnas\/wp-content\/uploads\/sites\/2\/2019\/03\/Fortbildning-200x116.jpg",200,116,true],"medium":["https:\/\/staging.europaskolan.se\/strangnas\/wp-content\/uploads\/sites\/2\/2019\/03\/Fortbildning-519x300.jpg",519,300,true],"large":["https:\/\/staging.europaskolan.se\/strangnas\/wp-content\/uploads\/sites\/2\/2019\/03\/Fortbildning.jpg",606,350,false],"1536x1536":["https:\/\/staging.europaskolan.se\/strangnas\/wp-content\/uploads\/sites\/2\/2019\/03\/Fortbildning.jpg",606,350,false],"2048x2048":["https:\/\/staging.europaskolan.se\/strangnas\/wp-content\/uploads\/sites\/2\/2019\/03\/Fortbildning.jpg",606,350,false],"sow-carousel-default":["https:\/\/staging.europaskolan.se\/strangnas\/wp-content\/uploads\/sites\/2\/2019\/03\/Fortbildning.jpg",272,157,false]},"rttpg_author":{"display_name":"admin","author_link":"https:\/\/staging.europaskolan.se\/strangnas\/author\/admin\/"},"rttpg_comment":0,"rttpg_category":null,"rttpg_excerpt":"Nu ska bra l\u00e4rare bli \u00e4nnu b\u00e4ttre! Sedan 2018 p\u00e5g\u00e5r ett omfattande fortbildningsprojekt f\u00f6r l\u00e4rare i Str\u00e4ngn\u00e4s: L\u00e4rarfortbildning genom \u00e4mnesm\u00e4ssig samverkan (L\u00c4S). Det \u00e4r ett samarbete mellan Stiftelsen Europaskolan, Str\u00e4ngn\u00e4s kommun och Uppsala universitet. H\u00e4r rapporterar vi fr\u00e5n fortbildningen och bjuder \u00e4ven in till f\u00f6rel\u00e4sningar som ocks\u00e5 \u00e4r \u00f6ppna f\u00f6r allm\u00e4nheten. Fortbildningsprojektet syftar till att&hellip;","_links":{"self":[{"href":"https:\/\/staging.europaskolan.se\/strangnas\/wp-json\/wp\/v2\/pages\/10575"}],"collection":[{"href":"https:\/\/staging.europaskolan.se\/strangnas\/wp-json\/wp\/v2\/pages"}],"about":[{"href":"https:\/\/staging.europaskolan.se\/strangnas\/wp-json\/wp\/v2\/types\/page"}],"author":[{"embeddable":true,"href":"https:\/\/staging.europaskolan.se\/strangnas\/wp-json\/wp\/v2\/users\/1"}],"replies":[{"embeddable":true,"href":"https:\/\/staging.europaskolan.se\/strangnas\/wp-json\/wp\/v2\/comments?post=10575"}],"version-history":[{"count":8,"href":"https:\/\/staging.europaskolan.se\/strangnas\/wp-json\/wp\/v2\/pages\/10575\/revisions"}],"predecessor-version":[{"id":10586,"href":"https:\/\/staging.europaskolan.se\/strangnas\/wp-json\/wp\/v2\/pages\/10575\/revisions\/10586"}],"wp:featuredmedia":[{"embeddable":true,"href":"https:\/\/staging.europaskolan.se\/strangnas\/wp-json\/wp\/v2\/media\/10023"}],"wp:attachment":[{"href":"https:\/\/staging.europaskolan.se\/strangnas\/wp-json\/wp\/v2\/media?parent=10575"}],"curies":[{"name":"wp","href":"https:\/\/api.w.org\/{rel}","templated":true}]}}