{"id":2876,"date":"2013-08-28T10:37:38","date_gmt":"2013-08-28T08:37:38","guid":{"rendered":"http:\/\/staging.europaskolan.se\/wordpress\/?page_id=2876"},"modified":"2024-01-08T10:34:01","modified_gmt":"2024-01-08T09:34:01","slug":"meny-europaskolan-rogge","status":"publish","type":"page","link":"https:\/\/staging.europaskolan.se\/rogge\/meny-europaskolan-rogge\/","title":{"rendered":"Meny Europaskolan Rogge"},"content":{"rendered":"<p><img fetchpriority=\"high\" decoding=\"async\" class=\"alignnone size-full wp-image-10574\" src=\"http:\/\/staging.europaskolan.se\/wp-content\/uploads\/2020\/11\/AKT_IMG_0078_05.jpg\" alt=\"\" width=\"1000\" height=\"666\" \/><\/p>\n<h5>Bland annat kommer vi servera dessa r\u00e4tter under vecka 2<\/h5>\n<p><em style=\"font-size: 16px;\">(Vi serverar ocks\u00e5 vegetariska alternativ dagligen.)<\/em><\/p>\n<hr \/>\n<p><strong>M\u00e5ndag:<\/strong> Pasta med kalkons\u00e5s<\/p>\n<p><strong>Tisdag:<\/strong> Kebabskavsgryta med ris<\/p>\n<p><strong>Onsdag:<\/strong> Stuvade makaroner och falukorv<\/p>\n<p><strong>Torsdag:<\/strong> Ugnsbakad fisk med kokt potatis<\/p>\n<p><strong>Fredag:<\/strong> Kyckling med stekt potatis och barbeques\u00e5s<\/p>\n<hr \/>\n<p><em>Med reservation f\u00f6r avvikelser.<\/em><\/p>\n","protected":false},"excerpt":{"rendered":"<p>Bland annat kommer vi servera dessa r\u00e4tter under vecka 2 (Vi serverar ocks\u00e5 vegetariska alternativ dagligen.) M\u00e5ndag: Pasta med kalkons\u00e5s Tisdag: Kebabskavsgryta med ris Onsdag: Stuvade makaroner och falukorv Torsdag: Ugnsbakad fisk med kokt potatis Fredag: Kyckling med stekt potatis och barbeques\u00e5s Med reservation f\u00f6r avvikelser.<\/p>\n","protected":false},"author":2,"featured_media":0,"parent":0,"menu_order":9,"comment_status":"closed","ping_status":"closed","template":"","meta":{"footnotes":""},"blocksy_meta":[],"rttpg_featured_image_url":null,"rttpg_author":{"display_name":"camilla","author_link":"https:\/\/staging.europaskolan.se\/rogge\/author\/camilla\/"},"rttpg_comment":0,"rttpg_category":null,"rttpg_excerpt":"Bland annat kommer vi servera dessa r\u00e4tter under vecka 2 (Vi serverar ocks\u00e5 vegetariska alternativ dagligen.) M\u00e5ndag: Pasta med kalkons\u00e5s Tisdag: Kebabskavsgryta med ris Onsdag: Stuvade makaroner och falukorv Torsdag: Ugnsbakad fisk med kokt potatis Fredag: Kyckling med stekt potatis och barbeques\u00e5s Med reservation f\u00f6r avvikelser.","_links":{"self":[{"href":"https:\/\/staging.europaskolan.se\/rogge\/wp-json\/wp\/v2\/pages\/2876"}],"collection":[{"href":"https:\/\/staging.europaskolan.se\/rogge\/wp-json\/wp\/v2\/pages"}],"about":[{"href":"https:\/\/staging.europaskolan.se\/rogge\/wp-json\/wp\/v2\/types\/page"}],"author":[{"embeddable":true,"href":"https:\/\/staging.europaskolan.se\/rogge\/wp-json\/wp\/v2\/users\/2"}],"replies":[{"embeddable":true,"href":"https:\/\/staging.europaskolan.se\/rogge\/wp-json\/wp\/v2\/comments?post=2876"}],"version-history":[{"count":165,"href":"https:\/\/staging.europaskolan.se\/rogge\/wp-json\/wp\/v2\/pages\/2876\/revisions"}],"predecessor-version":[{"id":11112,"href":"https:\/\/staging.europaskolan.se\/rogge\/wp-json\/wp\/v2\/pages\/2876\/revisions\/11112"}],"wp:attachment":[{"href":"https:\/\/staging.europaskolan.se\/rogge\/wp-json\/wp\/v2\/media?parent=2876"}],"curies":[{"name":"wp","href":"https:\/\/api.w.org\/{rel}","templated":true}]}}